{"id":14539,"date":"2025-03-25T18:59:07","date_gmt":"2025-03-25T18:59:07","guid":{"rendered":"https:\/\/budaorsi.reformatus.hu\/?page_id=14539"},"modified":"2025-11-10T17:59:21","modified_gmt":"2025-11-10T17:59:21","slug":"ifjusagi-bibliaora","status":"publish","type":"page","link":"https:\/\/budaorsi.reformatus.hu\/index.php\/ifjusagi-bibliaora\/","title":{"rendered":"Ifj\u00fas\u00e1gi biblia\u00f3ra"},"content":{"rendered":"<div id=\"cmsmasters_row_t5iq0wz4nd\" class=\"cmsmasters_row cmsmasters_color_scheme_default cmsmasters_row_top_default cmsmasters_row_bot_default cmsmasters_row_boxed\">\n<div class=\"cmsmasters_row_outer_parent\">\n<div class=\"cmsmasters_row_outer\">\n<div class=\"cmsmasters_row_inner\">\n<div class=\"cmsmasters_row_margin\">\n<div id=\"cmsmasters_column_vu9uu1gz4e\" class=\"cmsmasters_column one_first\">\n<div class=\"cmsmasters_column_inner\"><div id=\"cmsmasters_heading_ldukebqrtq\" class=\"cmsmasters_heading_wrap cmsmasters_heading_align_center\">\n\t<h2 class=\"cmsmasters_heading\">Ifj\u00fas\u00e1gi biblia\u00f3ra<\/h2>\n<\/div><div class=\"cmsmasters_text\">\n<p><em>&#8222;\u0150 megbocs\u00e1tja minden b\u0171n\u00f6det, meggy\u00f3gy\u00edtja minden betegs\u00e9gedet, megv\u00e1ltja \u00e9letedet a s\u00edrt\u00f3l, szeretettel \u00e9s irgalommal koron\u00e1z meg. Bet\u00f6lti javaival \u00e9letedet, meg\u00fajul ifj\u00fas\u00e1god, mint a sas\u00e9.&#8221;<\/em>\u00a0 Zsolt\u00e1rok 103:3-5<\/p>\n<p>Az ifj\u00fas\u00e1gi biblia\u00f3r\u00e1ra, vagyis az ifire a 14-20 \u00e9ves fiatalokat v\u00e1rjuk. Az alkalmakon mindig meghat\u00e1rozott tematika szerint haladunk. Az Ige f\u00e9ny\u00e9ben besz\u00e9lget\u00fcnk a koroszt\u00e1lyt \u00e9rint\u0151 kih\u00edv\u00e1sokr\u00f3l, probl\u00e9m\u00e1kr\u00f3l \u00e9s benn\u00fck felmer\u00fcl\u0151 k\u00e9rd\u00e9sekr\u0151l. Az alkalom r\u00e9sze a j\u00e1t\u00e9k, zene \u00e9s a k\u00f6z\u00f6s nasi is, de filmklubokat \u00e9s k\u00f6z\u00f6s kir\u00e1ndul\u00e1sokat is szervez\u00fcnk.<\/p>\n<p>Id\u0151pont: minden vas\u00e1rnap 17:00-kor<\/p>\n<p>Helysz\u00edn: templom kisterme<\/p>\n<\/div>\n<\/div><\/div>\n<div id=\"cmsmasters_column_qwz5n4r1b2\" class=\"cmsmasters_column one_first\">\n<div class=\"cmsmasters_column_inner\"><\/div><\/div>\n<\/div>\n<\/div>\n<\/div>\n<\/div>\n<\/div>\n\n","protected":false},"excerpt":{"rendered":"","protected":false},"author":1,"featured_media":0,"parent":0,"menu_order":0,"comment_status":"closed","ping_status":"closed","template":"","meta":{"footnotes":""},"class_list":["post-14539","page","type-page","status-publish","hentry"],"_links":{"self":[{"href":"https:\/\/budaorsi.reformatus.hu\/index.php\/wp-json\/wp\/v2\/pages\/14539","targetHints":{"allow":["GET"]}}],"collection":[{"href":"https:\/\/budaorsi.reformatus.hu\/index.php\/wp-json\/wp\/v2\/pages"}],"about":[{"href":"https:\/\/budaorsi.reformatus.hu\/index.php\/wp-json\/wp\/v2\/types\/page"}],"author":[{"embeddable":true,"href":"https:\/\/budaorsi.reformatus.hu\/index.php\/wp-json\/wp\/v2\/users\/1"}],"replies":[{"embeddable":true,"href":"https:\/\/budaorsi.reformatus.hu\/index.php\/wp-json\/wp\/v2\/comments?post=14539"}],"version-history":[{"count":9,"href":"https:\/\/budaorsi.reformatus.hu\/index.php\/wp-json\/wp\/v2\/pages\/14539\/revisions"}],"predecessor-version":[{"id":14900,"href":"https:\/\/budaorsi.reformatus.hu\/index.php\/wp-json\/wp\/v2\/pages\/14539\/revisions\/14900"}],"wp:attachment":[{"href":"https:\/\/budaorsi.reformatus.hu\/index.php\/wp-json\/wp\/v2\/media?parent=14539"}],"curies":[{"name":"wp","href":"https:\/\/api.w.org\/{rel}","templated":true}]}}