{"id":8946,"date":"2015-12-02T10:17:13","date_gmt":"2015-12-02T10:17:13","guid":{"rendered":"http:\/\/mall.cmsmasters.net\/?page_id=8946"},"modified":"2025-10-14T17:04:54","modified_gmt":"2025-10-14T17:04:54","slug":"sermons","status":"publish","type":"page","link":"https:\/\/budaorsi.reformatus.hu\/index.php\/sermons\/","title":{"rendered":"Igehirdet\u00e9sek"},"content":{"rendered":"<div id=\"cmsmasters_row_0dxfkhdk\" class=\"cmsmasters_row cmsmasters_color_scheme_default cmsmasters_row_top_default cmsmasters_row_bot_default cmsmasters_row_boxed\">\n<div class=\"cmsmasters_row_outer_parent\">\n<div class=\"cmsmasters_row_outer\">\n<div class=\"cmsmasters_row_inner\">\n<div class=\"cmsmasters_row_margin\">\n<div id=\"cmsmasters_column_w51ubxpb8r\" class=\"cmsmasters_column one_first\">\n<div class=\"cmsmasters_column_inner\"><div id=\"cmsmasters_heading_ydh4y3j37o\" class=\"cmsmasters_heading_wrap cmsmasters_heading_align_center\">\n\t<h2 class=\"cmsmasters_heading\">Igehirdet\u00e9sek<\/h2>\n<\/div>\n<\/div><\/div>\n<\/div>\n<\/div>\n<\/div>\n<\/div>\n<\/div>\n<div id=\"cmsmasters_row_45nuf9vh6s\" class=\"cmsmasters_row cmsmasters_color_scheme_default cmsmasters_row_top_default cmsmasters_row_bot_default cmsmasters_row_boxed\">\n<div class=\"cmsmasters_row_outer_parent\">\n<div class=\"cmsmasters_row_outer\">\n<div class=\"cmsmasters_row_inner\">\n<div class=\"cmsmasters_row_margin\">\n<div id=\"cmsmasters_column_46bgxgprpj\" class=\"cmsmasters_column one_first\">\n<div class=\"cmsmasters_column_inner\"><div id=\"cmsmasters_sermons_00eoj7h42p\" class=\"cmsmasters_sermons\">\n\r\n<!--_________________________ Start Sermon _________________________ -->\r\n\r\n<article id=\"post-14752\" class=\"cmsmasters_sermon one_fourth post-14752 sermon type-sermon status-publish has-post-thumbnail hentry srm-categs-gyulekezet\">\r\n<figure class=\"cmsmasters_img_rollover_wrap preloader\"><img loading=\"lazy\" decoding=\"async\" width=\"580\" height=\"420\" src=\"https:\/\/budaorsi.reformatus.hu\/wp-content\/uploads\/2025\/10\/IMG_5707-580x420.jpg\" class=\"full-width wp-post-image\" alt=\"Hit\u00fcnk alapjai &#8211; Tan\u00e9vnyit\u00f3 istentisztelet\" title=\"IMG_5707\" \/><a href=\"https:\/\/budaorsi.reformatus.hu\/index.php\/sermon\/hitunk-alapjai-tanevnyito-istentisztelet\/\" title=\"Hit\u00fcnk alapjai &#8211; Tan\u00e9vnyit\u00f3 istentisztelet\" class=\"cmsmasters_open_link\"><\/a><\/figure><div class=\"cmsmasters_sermon_media\"><a class=\"cmsmasters_sermon_media_item cmsmasters_theme_icon_sermon_video\" href=\"https:\/\/www.youtube.com\/live\/XNLtQAlJFBA?si=LuO5cyifPEISrPPL\" rel=\"ilightbox[69ea609e67960]\"><\/a><a href=\"#\" class=\"cmsmasters_sermon_media_item cmsmasters_sermon_audio cmsmasters_theme_icon_sermon_audio\"><\/a><div class=\"cmsmasters_sermon_audio_content\"><\/div><\/div><h3 class=\"cmsmasters_sermon_title entry-title\"><a href=\"https:\/\/budaorsi.reformatus.hu\/index.php\/sermon\/hitunk-alapjai-tanevnyito-istentisztelet\/\">Hit\u00fcnk alapjai &#8211; Tan\u00e9vnyit\u00f3 istentisztelet<\/a><\/h3>\n<div class=\"cmsmasters_sermon_author\">\nSpeaker: <a href=\"https:\/\/budaorsi.reformatus.hu\/index.php\/author\/czako-zoltan\/\" title=\"Speaker czako.zoltan\" class=\"vcard author\"><span class=\"fn\" rel=\"author\">czako.zoltan<\/span><\/a><\/div>\n<div class=\"cmsmasters_sermon_cat\">Categories: <a href=\"https:\/\/budaorsi.reformatus.hu\/index.php\/srm-categs\/gyulekezet\/\" class=\"cmsmasters_cat_color cmsmasters_cat_36\" rel=\"category tag\">Gy\u00fclekezet<\/a><\/div><\/article>\r\n\r\n<!--_________________________ Finish Sermon _________________________ -->\r\n<!--_________________________ Start Sermon _________________________ -->\r\n\r\n<article id=\"post-14699\" class=\"cmsmasters_sermon one_fourth post-14699 sermon type-sermon status-publish has-post-thumbnail hentry srm-categs-vallas\">\r\n<figure class=\"cmsmasters_img_rollover_wrap preloader\"><img loading=\"lazy\" decoding=\"async\" width=\"580\" height=\"420\" src=\"https:\/\/budaorsi.reformatus.hu\/wp-content\/uploads\/2025\/10\/IMG_5418-3-580x420.jpg\" class=\"full-width wp-post-image\" alt=\"Harc az elm\u00e9d\u00e9rt\" title=\"IMG_5418 3\" \/><a href=\"https:\/\/budaorsi.reformatus.hu\/index.php\/sermon\/harc-az-elmedert\/\" title=\"Harc az elm\u00e9d\u00e9rt\" class=\"cmsmasters_open_link\"><\/a><\/figure><div class=\"cmsmasters_sermon_media\"><a class=\"cmsmasters_sermon_media_item cmsmasters_theme_icon_sermon_video\" href=\"https:\/\/www.youtube.com\/live\/-Sco3VgFO5o?si=49mRa1gpfKmvHTN2\" rel=\"ilightbox[69ea609e687df]\"><\/a><a href=\"#\" class=\"cmsmasters_sermon_media_item cmsmasters_sermon_audio cmsmasters_theme_icon_sermon_audio\"><\/a><div class=\"cmsmasters_sermon_audio_content\"><\/div><\/div><h3 class=\"cmsmasters_sermon_title entry-title\"><a href=\"https:\/\/budaorsi.reformatus.hu\/index.php\/sermon\/harc-az-elmedert\/\">Harc az elm\u00e9d\u00e9rt<\/a><\/h3>\n<div class=\"cmsmasters_sermon_author\">\nSpeaker: <a href=\"https:\/\/budaorsi.reformatus.hu\/index.php\/author\/czako-zoltan\/\" title=\"Speaker czako.zoltan\" class=\"vcard author\"><span class=\"fn\" rel=\"author\">czako.zoltan<\/span><\/a><\/div>\n<div class=\"cmsmasters_sermon_cat\">Categories: <a href=\"https:\/\/budaorsi.reformatus.hu\/index.php\/srm-categs\/vallas\/\" class=\"cmsmasters_cat_color cmsmasters_cat_46\" rel=\"category tag\">Vall\u00e1s<\/a><\/div><\/article>\r\n\r\n<!--_________________________ Finish Sermon _________________________ -->\r\n<!--_________________________ Start Sermon _________________________ -->\r\n\r\n<article id=\"post-14694\" class=\"cmsmasters_sermon one_fourth post-14694 sermon type-sermon status-publish has-post-thumbnail hentry srm-categs-hit\">\r\n<figure class=\"cmsmasters_img_rollover_wrap preloader\"><img loading=\"lazy\" decoding=\"async\" width=\"580\" height=\"420\" src=\"https:\/\/budaorsi.reformatus.hu\/wp-content\/uploads\/2025\/10\/IMG_5418-2-580x420.jpg\" class=\"full-width wp-post-image\" alt=\"Hogyan lehetsz \u00f6r\u00f6mmel tele b\u00e1rmi is t\u00f6rt\u00e9njen&#8230;\" title=\"IMG_5418 2\" \/><a href=\"https:\/\/budaorsi.reformatus.hu\/index.php\/sermon\/hogyan-lehetsz-orommel-tele-barmi-is-tortenjen\/\" title=\"Hogyan lehetsz \u00f6r\u00f6mmel tele b\u00e1rmi is t\u00f6rt\u00e9njen&#8230;\" class=\"cmsmasters_open_link\"><\/a><\/figure><div class=\"cmsmasters_sermon_media\"><a class=\"cmsmasters_sermon_media_item cmsmasters_theme_icon_sermon_video\" href=\"https:\/\/www.youtube.com\/live\/ggHzhS42XTs?si=zB-2TeP6-42lleyx\" rel=\"ilightbox[69ea609e69442]\"><\/a><a href=\"#\" class=\"cmsmasters_sermon_media_item cmsmasters_sermon_audio cmsmasters_theme_icon_sermon_audio\"><\/a><div class=\"cmsmasters_sermon_audio_content\"><\/div><\/div><h3 class=\"cmsmasters_sermon_title entry-title\"><a href=\"https:\/\/budaorsi.reformatus.hu\/index.php\/sermon\/hogyan-lehetsz-orommel-tele-barmi-is-tortenjen\/\">Hogyan lehetsz \u00f6r\u00f6mmel tele b\u00e1rmi is t\u00f6rt\u00e9njen&#8230;<\/a><\/h3>\n<div class=\"cmsmasters_sermon_author\">\nSpeaker: <a href=\"https:\/\/budaorsi.reformatus.hu\/index.php\/author\/czako-zoltan\/\" title=\"Speaker czako.zoltan\" class=\"vcard author\"><span class=\"fn\" rel=\"author\">czako.zoltan<\/span><\/a><\/div>\n<div class=\"cmsmasters_sermon_cat\">Categories: <a href=\"https:\/\/budaorsi.reformatus.hu\/index.php\/srm-categs\/hit\/\" class=\"cmsmasters_cat_color cmsmasters_cat_38\" rel=\"category tag\">Hit<\/a><\/div><\/article>\r\n\r\n<!--_________________________ Finish Sermon _________________________ -->\r\n<!--_________________________ Start Sermon _________________________ -->\r\n\r\n<article id=\"post-14688\" class=\"cmsmasters_sermon one_fourth post-14688 sermon type-sermon status-publish has-post-thumbnail hentry srm-categs-isten\">\r\n<figure class=\"cmsmasters_img_rollover_wrap preloader\"><img loading=\"lazy\" decoding=\"async\" width=\"580\" height=\"420\" src=\"https:\/\/budaorsi.reformatus.hu\/wp-content\/uploads\/2025\/10\/IMG_5458-580x420.jpg\" class=\"full-width wp-post-image\" alt=\"Isten kez\u00e9ben a pr\u00f3b\u00e1k k\u00f6z\u00f6tt\" title=\"IMG_5458\" \/><a href=\"https:\/\/budaorsi.reformatus.hu\/index.php\/sermon\/isten-kezeben-a-probak-kozott\/\" title=\"Isten kez\u00e9ben a pr\u00f3b\u00e1k k\u00f6z\u00f6tt\" class=\"cmsmasters_open_link\"><\/a><\/figure><div class=\"cmsmasters_sermon_media\"><a class=\"cmsmasters_sermon_media_item cmsmasters_theme_icon_sermon_video\" href=\"https:\/\/www.youtube.com\/live\/39X7Uf0za4w?si=dL9lKaS_LBSjB40Y\" rel=\"ilightbox[69ea609e69fbe]\"><\/a><a href=\"#\" class=\"cmsmasters_sermon_media_item cmsmasters_sermon_audio cmsmasters_theme_icon_sermon_audio\"><\/a><div class=\"cmsmasters_sermon_audio_content\"><\/div><\/div><h3 class=\"cmsmasters_sermon_title entry-title\"><a href=\"https:\/\/budaorsi.reformatus.hu\/index.php\/sermon\/isten-kezeben-a-probak-kozott\/\">Isten kez\u00e9ben a pr\u00f3b\u00e1k k\u00f6z\u00f6tt<\/a><\/h3>\n<div class=\"cmsmasters_sermon_author\">\nSpeaker: <a href=\"https:\/\/budaorsi.reformatus.hu\/index.php\/author\/ref-budaors\/\" title=\"Speaker Feke Vikt\u00f3ria\" class=\"vcard author\"><span class=\"fn\" rel=\"author\">Feke Vikt\u00f3ria<\/span><\/a><\/div>\n<div class=\"cmsmasters_sermon_cat\">Categories: <a href=\"https:\/\/budaorsi.reformatus.hu\/index.php\/srm-categs\/isten\/\" class=\"cmsmasters_cat_color cmsmasters_cat_40\" rel=\"category tag\">Isten<\/a><\/div><\/article>\r\n\r\n<!--_________________________ Finish Sermon _________________________ --><div class=\"cmsmasters_wrap_more_posts cmsmasters_wrap_more_items\"><\/div><\/div>\n<\/div><\/div>\n<\/div>\n<\/div>\n<\/div>\n<\/div>\n<\/div>\n\n","protected":false},"excerpt":{"rendered":"","protected":false},"author":1,"featured_media":0,"parent":0,"menu_order":0,"comment_status":"closed","ping_status":"closed","template":"","meta":{"footnotes":""},"class_list":["post-8946","page","type-page","status-publish","hentry"],"_links":{"self":[{"href":"https:\/\/budaorsi.reformatus.hu\/index.php\/wp-json\/wp\/v2\/pages\/8946","targetHints":{"allow":["GET"]}}],"collection":[{"href":"https:\/\/budaorsi.reformatus.hu\/index.php\/wp-json\/wp\/v2\/pages"}],"about":[{"href":"https:\/\/budaorsi.reformatus.hu\/index.php\/wp-json\/wp\/v2\/types\/page"}],"author":[{"embeddable":true,"href":"https:\/\/budaorsi.reformatus.hu\/index.php\/wp-json\/wp\/v2\/users\/1"}],"replies":[{"embeddable":true,"href":"https:\/\/budaorsi.reformatus.hu\/index.php\/wp-json\/wp\/v2\/comments?post=8946"}],"version-history":[{"count":9,"href":"https:\/\/budaorsi.reformatus.hu\/index.php\/wp-json\/wp\/v2\/pages\/8946\/revisions"}],"predecessor-version":[{"id":14697,"href":"https:\/\/budaorsi.reformatus.hu\/index.php\/wp-json\/wp\/v2\/pages\/8946\/revisions\/14697"}],"wp:attachment":[{"href":"https:\/\/budaorsi.reformatus.hu\/index.php\/wp-json\/wp\/v2\/media?parent=8946"}],"curies":[{"name":"wp","href":"https:\/\/api.w.org\/{rel}","templated":true}]}}